d derivative of u**5/20 + u**4/12 + u**3/3 + u**2 - 6*u - 1. What is m(s)?
-6
Suppose -437*k + 570 = -342*k. Let i(n) = -n**3 - 6*n**2 - 5*n + 1. Let x be i(-5). Let q(d) = -1 + x + 8 - 3*d. Give q(k).
-10
Let z = -8 - -13. Suppose 6 = -z*k - 4. Let n(w) be the second derivative of w**4/6 + w**3/6 + w**2 + 11*w + 10. Calculate n(k).
8
Let j(k) = k**2 - 9*k + 13. Let g = 10519 - 10511. Determine j(g).
5
Let a(h) = 6*h**3 - 15*h**2 - h - 8. Let s(c) = 19*c**3 - 52*c**2 - 3*c - 27. Let t(z) = 7*a(z) - 2*s(z). Determine t(2).
24
Let x = -91414 - -186184. Let c(u) = -u + 94733 - x - u. Determine c(-21).
5
Let u be ((16 + -11)/5)/(-1). Let c(g) = -10*g**3 - 2*g**2 - 2*g - 1. What is c(u)?
9
Let r = -66 + 67. Suppose 4 = 4*j, 3*u + 2*j - 3*j + r = 0. Let a(c) = 119*c + 0 - 120*c + u. What is a(-6)?
6
Suppose 3 = -4*l + 7*l, -t + 3*l = 102. Let r = 93 + t. Let z(x) = x**3 + 5*x**2 - 3*x - 4. Give z(r).
-22
Let j(k) = -19*k**3 + 8*k**2 - 22*k - 21. Let f(g) = -16*g**3 + 8*g**2 - 18*g - 21. Let h(m) = 6*f(m) - 5*j(m). Calculate h(8).
-5
Let r = -1492 + 1496. Let f(w) = 2*w**2 + w - 9. What is f(r)?
27
Let u(j) = j**3 - 8*j**2. Suppose n = 3*g + 19, 4*n - 2*g - 2 = 6*n. Suppose -r - n*r = 300. Let q = 68 + r. Calculate u(q).
0
Let s(k) = 2691*k**2 - 5395*k**2 + 28*k - k**3 - 2 + 2676*k**2 + 30. Determine s(-29).
57
Suppose -6*d = -8*d + 12. Suppose s - 10 = -f, f = d*f + 20. Let u(g) = g**3 - 15*g**2 + 14*g - 2. Calculate u(s).
-2
Let n(p) = p**3 - 7*p**2 + 13*p - 26. Let k(f) = f**2 + 35*f - 194. Let a be k(5). Determine n(a).
16
Let c(d) = d**3 - 10*d**2 - 11*d + 12. Let p be (2 + 10)/((-3)/(-2)) - -3. Let g be c(p). Let q(r) = 9 + 8*r + g - 27 + 7. What is q(1)?
9
Let s = 29 + -18. Suppose 3*v + s = 5. Let o(r) = -3*r**3 + 12*r + 4*r**3 - 2 - 10*r + 3*r**2. Determine o(v).
-2
Let p be (-38)/6 - 1/(-3). Suppose -4*w - 2*m + 27 = 11, 30 = 5*w + 5*m. Let v(t) = t**3 + 11*t**2 - 6*t**w - 6*t + 544 - 546. Calculate v(p).
-2
Let n be (-28)/98 - 16/(-7). Let g(u) = -2*u**n - 278*u + 135*u - 2 + 143*u. What is g(2)?
-10
Let p(i) be the second derivative of -2*i**3/3 - 3*i. Let v = -1455 - -1458. Determine p(v).
-12
Let x(l) = l**3 - 16. Suppose 4*i - 12*i - 48 = 0. Let h be 3/(i + 3)*(-12 + 12). Calculate x(h).
-16
Let t(r) = -259*r + 2*r**2 - 1 + 0 - 1 + 538*r - 281*r. Suppose -5*g + 8 = -g. Let f be 4/3*3/g. What is t(f)?
2
Suppose c - 10 = -4*b, 4*c - 13 + 9 = 2*b. Let y(s) = -2 - 3*s**2 + 13*s - 8*s - 3*s**b + 5*s**2. Give y(7).
-16
Suppose 0 = -19*r + 13*r - 666. Let x = -115 - r. Let p(v) = v - 1. Let u(w) = -3*w + 5. Let g(q) = -4*p(q) - u(q). Give g(x).
3
Let f(x) = -18*x**2 + 20*x + 11*x - 12*x + 26*x**2 - 9*x**2 - 10. Determine f(16).
38
Let a(f) be the second derivative of -14*f**3/3 + 37*f**2 + 25*f - 2. Give a(3).
-10
Let v(x) = x**2 + 11*x - 1. Let k(d) = -204*d + 1217. Let w be k(6). Calculate v(w).
-29
Let x(u) = 35*u - 24. Let r be 14/(-10) - -1 - (-901)/(-85). Let s(w) = -18*w + 13. Let d(z) = r*s(z) - 6*x(z). What is d(2)?
-23
Let l = -7 - -38. Let x = 30 - l. Let p(i) = 8*i - 2. Calculate p(x).
-10
Let r(h) = -2*h**3 + 3*h**2 + h - 2. Let j be r(-1). Suppose 6 = -j*t - 6. Let d(v) = v**3 + 6*v**2 + 2*v + 6. Determine d(t).
-6
Let o(p) = -3*p**2 + 2*p + 13. Suppose -2*v + 0 = 2*r - 24, 0 = -4*r - 2*v + 36. Give o(r).
-83
Let d(o) = o**2 + 2*o + 3. Suppose -6*c + 11 - 53 = 0. Let u be (-4*c/(-56))/((-1)/(-4)). Calculate d(u).
3
Let f(q) = -3*q**3 + 13*q**2 - 17*q - 1. Let u(n) = 5*n**3 - 15 - 20*n**2 + 26*n + 40 - 8 - 16. Let o(i) = 8*f(i) + 5*u(i). Determine o(-5).
2
Let f be (15/25)/((-3)/15) - -17. Let p(s) = -f + s**2 + 20 - 11 - 4*s. Determine p(5).
0
Let v(r) be the third derivative of 6*r**2 + 1/6*r**3 - 2*r + 0 - 1/24*r**4. Determine v(0).
1
Let l(o) = o**2 - o. Let y(v) = 2*v**3 + 5*v**2 - 4*v - 4. Let p(x) = 2*l(x) - y(x). Calculate p(-3).
25
Suppose 0 = -37*k + 40*k - 9. Suppose 18 = -4*r + 8*r + 2*n, -4*r + k*n = -13. Let m(g) = -r*g + 6*g - g + 5. Determine m(-4).
1
Suppose 69*z - 73*z - 4*g = -4, 2 = -4*z + 2*g. Let w(m) = 3*m**2 - 3*m - 6. Calculate w(z).
-6
Let b(x) = -x**3 + 2*x**2 + 2*x - 4. Let m(p) be the third derivative of p**4/24 + p**3 + 11*p**2. Suppose 0 = v + 6 - 3. Let g be m(v). Calculate b(g).
-7
Let a(w) = w**3 + 22*w**2 - 48*w + 8. Let n be a(-24). Let g(c) = -c**2 + 5*c + 22. Determine g(n).
-2
Let g(q) = 15*q - 1. Let j(u) = -24*u**2 + 4*u + 11. Let w be j(-3). Let f = -216 - w. Determine g(f).
14
Let u(o) = -17*o - 137. Let d be u(-9). Suppose -d = 11*z - 7*z. Let g(f) = f**3 + 2*f**2 - 4*f - 3. Give g(z).
-19
Let u(d) be the first derivative of d**5/20 - d**4/2 - d**3/3 + 4*d**2 - 259*d - 94. Let j(v) be the first derivative of u(v). Calculate j(6).
-4
Let v(a) be the third derivative of 0*a - 2*a**3 - 1/60*a**5 + 3*a**2 + 2 + 0*a**4. Give v(0).
-12
Let f(y) be the third derivative of 1/60*y**5 + 5/24*y**4 + 0 + 1/3*y**3 + y**2 + 0*y. Let x(k) = 4*k + 1. Let i(m) = -2*f(m) + 3*x(m). Give i(3).
-13
Suppose d + 2 = -t, 4*d + 7 + 1 = t. Let h be ((-740)/8)/(-5)*d. Let j = -31 - h. Let q(i) = i + 4. Calculate q(j).
10
Let w(v) = v**3 - 18*v**2 + 6*v - 30. Let n(x) = -x**2 - x + 1. Let h(r) = -4*n(r) - w(r). What is h(22)?
-18
Let n(o) be the second derivative of o**4/12 - 17*o**3/6 + 11*o**2/2 + 968*o. Give n(17).
11
Let n = 18141 + -18144. Let m(o) = 7*o + 1. Let x(s) = -13*s - 2. Let b(v) = -11*m(v) - 6*x(v). Determine b(n).
-2
Let y(b) = 23*b**2 - 22*b**2 + 50 + 9 - 19*b - 3*b**2 + b**2. Calculate y(-22).
-7
Let h(k) = 7*k**2 - k + 3. Suppose -46*w = 48*w + 33*w - 254. Calculate h(w).
29
Let s(n) = -223*n**3 - 34 + 136*n**3 + 86*n**3 - 5*n**2. Determine s(-6).
2
Let b(t) = 18*t - 18. Let u be ((-8)/36)/(-1) - (-32)/(-144). What is b(u)?
-18
Let l(b) = b**2 + 135*b + 3637. Let h be l(-98). Let s(i) = -i**3 + 11*i**2 + 2*i - 23. What is s(h)?
-1
Let s(f) = -2*f**3 - 12*f**2 + 17*f + 22. Let z be s(-7). Let o(t) be the third derivative of -5*t**4/12 - t**3/6 - 6*t**2. Give o(z).
-11
Suppose -c = -4*h - 7, 60*c - 5*h = 56*c - 5. Let y(g) = g - 1. Let d(i) = -2*i - 7. Let t(n) = d(n) - 3*y(n). What is t(c)?
21
Let d(w) = 37*w + 38*w - 30 - 115*w + 33*w. Let b be d(-5). Let y(p) = p - 2 - 6 - 3. Calculate y(b).
-6
Let y(a) = -19*a**2 - 2*a + 1. Let i be y(1). Let x be i*(39/(-6) - -6). Let c(b) = -b**3 + 11*b**2 - 9*b - 3. Calculate c(x).
7
Let n(v) be the second derivative of v**4/12 + 3*v**3/2 + 3*v**2/2 + v. Let y(o) = -503*o - 1014. Let c be y(-2). Calculate n(c).
-5
Let a(w) = 3*w**3 + 33*w**2 + 59*w + 71. Let r(i) = i**3 + 4*i**2 + 10. Let g(u) = -a(u) + 4*r(u). Determine g(20).
-11
Let t(w) = -w**3 - 7*w**2 + 7*w - 7. Let r be 3/((-12)/4)*1 - -15. Let h = 6 - r. Determine t(h).
1
Let v be 8/3 - 1/(-3). Let g(x) = 8*x**2 - 5*x + 27. Let u(h) = -33*h**2 + 21*h - 113. Let m(p) = 25*g(p) + 6*u(p). Give m(v).
18
Suppose -z + 0 = 10. Let d be (z/25)/((-1)/30). Suppose u - d = 4*u. Let o(j) = j + 6. What is o(u)?
2
Let c(u) = -u**2 - 26*u + 78. Let x be c(-26). Let d = x + -73. Let y(l) = -5*l + 4. Let s(r) = -9*r + 7. Let j(h) = d*y(h) - 3*s(h). Determine j(4).
7
Let s(b) be the third derivative of 0*b**3 - 1/12*b**4 + 1/30*b**5 + 0 - 1/120*b**6 + 0*b - 20*b**2. Let w be (15/10)/((-12)/(-16)). Determine s(w).
-4
Let s(w) = 3*w - 1. Let c be 3/4 + (-72)/(-32). Suppose 3*d - 6 = c*y + 6, 0 = -3*d + 5*y + 18. Let g = d + -2. What is s(g)?
-4
Suppose 3*x + 4 = 5*x. Suppose -x*c + 11 = -3. Let f(a) be the third derivative of -a**5/60 + 5*a**4/24 + 2*a**3/3 + 24925*a**2. Calculate f(c).
-10
Suppose -23 = -7*f + 5. Suppose -39 = -f*n - 3*g, 2*g + 2*g + 10 = 5*n. Let j be n/(-10) + 9/15. Let m(c) = c**2 - c - 1. What is m(j)?
-1
Suppose 12 = 14291*m - 14292*m, 6*t = 3*m + 36. Let n(d) be the first derivative of -d**4/4 + d**3/3 + d**2/2 + d + 1. What is n(t)?
1
Suppose 3*s - 9 + 3 = 0. Suppose 0 = f, s*y - 16 = -2*f + 6*f. Let g(c) = -6 + y + 4*c - 2*c. What is g(2)?
6
Let f(j) be the third derivative of -j**5/120 + j**4/24 - 23*j**3/3 - 44*j**2. Let c(n) be the first derivative of f(n). Give c(7).
-6
Let b(d) = -23*d**2 - 8*d + 7. Let x(z) = 10*z**2 + 3*z - 3. Let i(a) = -6*b(a) - 14*x(a). Let r(q) = 6*q - 2. Let y be r(1). What is i(y)?
-8
Let t be (1/(4 + -1))/((-2)/(-270)). Suppose -29*v = -t*v + 32. Let m(z) =